 base 12, what is -1 - 1432265?
-1432266
In base 8, what is 714 - 142263?
-141347
In base 15, what is -106a - -4ea9?
3e3e
In base 8, what is 25 - 1466135?
-1466110
In base 5, what is -23 + -433000?
-433023
In base 4, what is 2321122013023 + 2?
2321122013031
In base 3, what is -22 + 11022021202100?
11022021202001
In base 14, what is 0 + -19d?
-19d
In base 10, what is -5615329 + 10?
-5615319
In base 12, what is 850b2 - 109?
84ba5
In base 6, what is 234141 + 13?
234154
In base 9, what is -530264 + 160?
-530104
In base 9, what is 3075317 - -2?
3075320
In base 10, what is 408346 + 109?
408455
In base 10, what is 182604 - 977?
181627
In base 2, what is 10100011111100010100001110 + 100?
10100011111100010100010010
In base 4, what is -1302331202313 + 3?
-1302331202310
In base 8, what is 2456616642 - -5?
2456616647
In base 2, what is -1000010 + 10110101100110000?
10110101011101110
In base 10, what is 33722966 - -4?
33722970
In base 12, what is 3 - -3a6658?
3a665b
In base 9, what is 5 - -324840548?
324840554
In base 7, what is -236 - 42031?
-42300
In base 15, what is -2d1166 - 24?
-2d118a
In base 3, what is -11100 + 122112010210012?
122112010121212
In base 12, what is 4640822 - -13?
4640835
In base 8, what is 6500316 + -10?
6500306
In base 8, what is 0 + -234126670?
-234126670
In base 15, what is -1c23aea - -3?
-1c23ae7
In base 6, what is -25242030 + 5?
-25242021
In base 16, what is -a150c - 1c?
-a1528
In base 9, what is 3401 + 28701?
33202
In base 11, what is -5 + -2181aaa?
-2182004
In base 16, what is -26bb63 + -c?
-26bb6f
In base 5, what is 4 - 414311440?
-414311431
In base 13, what is -a3117 - ab?
-a31c5
In base 6, what is -100453 + -41422?
-142315
In base 5, what is 1302221 - -1043333?
2401104
In base 12, what is -166394 - -9?
-166387
In base 3, what is -222002110201011 + -10?
-222002110201021
In base 7, what is 5155133 - 514?
5154316
In base 11, what is 33 - -3857482?
3857505
In base 13, what is -17a908 - -6b?
-17a86a
In base 9, what is -5846855 - -153?
-5846702
In base 12, what is 1b0005704 - 2?
1b0005702
In base 12, what is -1072539 + -6?
-1072543
In base 8, what is -12222037167 + 5?
-12222037162
In base 3, what is 102012020111100 + -222?
102012020110101
In base 14, what is b6b51ac + -5?
b6b51a7
In base 11, what is -117971901 - -5?
-1179718a7
In base 11, what is 0 + 253a39?
253a39
In base 11, what is a + -814964?
-814955
In base 2, what is 10000 - 1100001110010000110?
-1100001110001110110
In base 11, what is 149 - 1522a9?
-152160
In base 9, what is 1883374 + 127?
1883512
In base 15, what is -2 + -13da4d?
-13da50
In base 11, what is -45 - -4728964?
472891a
In base 2, what is -10 + 1000011010100011000100101?
1000011010100011000100011
In base 10, what is -243764 + -91?
-243855
In base 15, what is 3 - 80b03?
-80b00
In base 11, what is -43599 - -180?
-43419
In base 2, what is 100101 + -1101101001010001001000?
-1101101001010000100011
In base 8, what is 41 - 64311?
-64250
In base 13, what is 0 + b31994?
b31994
In base 11, what is -99 + -1118?
-1206
In base 12, what is 100ba8 + 4b?
101037
In base 11, what is -277694 + 4?
-277690
In base 13, what is 5782656 - b?
5782648
In base 14, what is -2347 - bc86?
-101cd
In base 13, what is -212 + -36c38?
-3714a
In base 11, what is 23 - -194886?
1948a9
In base 13, what is -1a40 - 6226?
-7c66
In base 12, what is 7320 - -11a?
743a
In base 13, what is -1c10b7 - 196?
-1c1280
In base 2, what is 100000001011011 - 110000001010?
11010001010001
In base 3, what is -1 - -221102201221011?
221102201221010
In base 11, what is 504 - -142471?
142975
In base 13, what is a26 + -25256?
-24530
In base 7, what is -6 - -1304432126?
1304432120
In base 4, what is 33112102 + -2020?
33110022
In base 16, what is dbc - -79?
e35
In base 9, what is 2525075 - 341?
2524634
In base 6, what is -2 + 454511420?
454511414
In base 12, what is 120134 - 14?
120120
In base 14, what is 6 + 263ac4?
263aca
In base 14, what is -4a8a - -847?
-4243
In base 13, what is -902046 + b5?
-901c61
In base 12, what is -1 - -108a35b?
108a35a
In base 8, what is -63 - -3041734?
3041651
In base 6, what is 1214432 + -30533?
1143455
In base 15, what is -1b46ce61 + 1?
-1b46ce60
In base 12, what is 2230302 - 12?
22302b0
In base 16, what is -187fef - -10?
-187fdf
In base 11, what is -4 - 1370420a?
-13704213
In base 5, what is -324234 + 122024?
-202210
In base 8, what is -3 + -476305157?
-476305162
In base 4, what is -32 + -312322013013?
-312322013111
In base 4, what is -133200030 - 33?
-133200123
In base 4, what is -303213333102 + 30?
-303213333012
In base 7, what is 2434136 + 34?
2434203
In base 13, what is -10c875 - 90?
-10c935
In base 2, what is -10110000011000011000001 + -1100001?
-10110000011000100100010
In base 5, what is -1101124111 - -121?
-1101123440
In base 11, what is 4a869 - -17?
4a885
In base 7, what is -124 + 1222143?
1222016
In base 8, what is -22276260 + 14?
-22276244
In base 2, what is 1110010101100111 + -111011101?
1110001110001010
In base 14, what is -2d2b56 + 4?
-2d2b52
In base 12, what is -2 + 1039243?
1039241
In base 13, what is 5 + 11309ca?
1130a02
In base 2, what is -1110100010000011 + 110100100001?
-1101101101100010
In base 13, what is bc6c1735 - 0?
bc6c1735
In base 7, what is -153043 - -343?
-152400
In base 6, what is 23553133155 - -2?
23553133201
In base 16, what is -16c891 - 4?
-16c895
In base 7, what is 5525165 - 10?
5525155
In base 11, what is -931a - 10251?
-19570
In base 4, what is 111031123011 + -2?
111031123003
In base 15, what is 13773e + 24?
137763
In base 12, what is 403a710 + a8?
403a7b8
In base 14, what is 444 + -912d?
-8ac9
In base 3, what is 21102 - -201001120002?
201001211111
In base 2, what is 10001 - 101011010010111000100?
-101011010010110110011
In base 13, what is 3247b - -3?
32481
In base 9, what is 1 - 2405310?
-2405308
In base 11, what is 109 - 593573?
-593465
In base 7, what is -20035 + -4350?
-24415
In base 4, what is -11 + -3033323330?
-3033330001
In base 11, what is 1842349 + 0?
1842349
In base 11, what is -30668 + 1708?
-29a60
In base 7, what is -24335331624 - -1?
-24335331623
In base 6, what is 4 + 231401032?
231401040
In base 7, what is -325 - -5250203?
5246545
In base 6, what is -5002505 + -2533?
-5005442
In base 7, what is 144 - -1243363?
1243540
In base 8, what is -10 - 202115110?
-202115120
In base 15, what is 766479 + 18?
766492
In base 12, what is 365 + -40929?
-40584
In base 7, what is 45345401 + -43?
45345325
In base 7, what is -14 + -243501150?
-243501164
In base 14, what is -4b76659c + -5?
-4b7665a3
In base 12, what is 268088 + 7?
268093
In base 4, what is 230313 + 112223?
1003202
In base 11, what is 1 - -36163981?
36163982
In base 4, what is -13 - -333311312000?
333311311321
In base 10, what is -1549 + -13719?
-15268
In base 16, what is -792c7e9 - 1?
-792c7ea
In base 14, what is -12252b + -1c?
-122549
In base 16, what is 21eb + -1a59?
792
In base 11, what is -12a812 + -70?
-12a882
In base 3, what is 101 + -2001101200?
-2001101022
In base 13, what is -3115958c + -3?
-31159592
In base 12, what is -274852 + -201?
-274a53
In base 6, what is -103533204 + -53?
-103533301
In base 15, what is 3916eb4 - 0?
3916eb4
In base 9, what is 418308105 + -4?
418308101
In base 7, what is 6 + -6644450?
-6644441
In base 5, what is 3 + -113000021410?
-113000021402
In base 13, what is 4b4 - -aa4c?
b233
In base 13, what is 161951 + 5?
161956
In base 11, what is 372351 + -45?
372307
In base 9, what is -4 - -77421012?
77421007
In base 2, what is 11111011110100 + -10010000010?
11101001110010
In base 2, what is 100 - 10010000101111110010011?
-10010000101111110001111
In base 9, what is -6 - -15436480?
15436473
In base 13, what is -8c02098 - 2?
-8c0209a
In base 4, what is -101 + -121121021112?
-121121021213
In base 2, what is 10010101000001111110100 - -110?
10010101000001111111010
In base 12, what is 769b - 35b?
7340
In base 7, what is 346151612 + 1?
346151613
In base 7, what is 1253240133 + 1?
1253240134
In base 9, what is 104 - 3833056?
-3832852
In base 5, what is -142434 - -203304?
10320
In base 2, what is -10 + -1000000011011001111000000000?
-1000000011011001111000000010
In base 11, what is -798a5 + 517?
-79389
In base 9, what is -684448112 + 1?
-684448111
In base 3, what is 1 - 102112111122221?
-102112111122220
In base 14, what is -547